{"id":53,"date":"2019-04-18T11:16:34","date_gmt":"2019-04-18T11:16:34","guid":{"rendered":"https:\/\/envothemes.com\/envo-ecommerce\/?page_id=53"},"modified":"2025-05-01T21:16:28","modified_gmt":"2025-05-01T19:16:28","slug":"about-us","status":"publish","type":"page","link":"https:\/\/lmbewell.fr\/index.php\/about-us\/","title":{"rendered":"VOTRE COACH nutrition &amp; sport"},"content":{"rendered":"<style>\/*! elementor - v3.10.0 - 09-01-2023 *\/<br \/>\n.elementor-heading-title{padding:0;margin:0;line-height:1}.elementor-widget-heading .elementor-heading-title[class*=elementor-size-]>a{color:inherit;font-size:inherit;line-height:inherit}.elementor-widget-heading .elementor-heading-title.elementor-size-small{font-size:15px}.elementor-widget-heading .elementor-heading-title.elementor-size-medium{font-size:19px}.elementor-widget-heading .elementor-heading-title.elementor-size-large{font-size:29px}.elementor-widget-heading .elementor-heading-title.elementor-size-xl{font-size:39px}.elementor-widget-heading .elementor-heading-title.elementor-size-xxl{font-size:59px}<\/style>\n\n\n<h2 class=\"wp-block-heading\">Laurence Malingre<\/h2>\n\n\n\n<h5 class=\"wp-block-heading\">Depuis 2015, j&rsquo;exerce pour am\u00e9liorer votre sante physique et mentale par le PILATES et la nutriton<\/h5>\n\n\n\n<p><\/p>\n\n\n\n<div class=\"wp-block-columns is-layout-flex wp-container-core-columns-is-layout-28f84493 wp-block-columns-is-layout-flex\">\n<div class=\"wp-block-column is-layout-flow wp-block-column-is-layout-flow\" style=\"flex-basis:100%\">\n<style>\/*! elementor - v3.10.0 - 09-01-2023 *\/\n.elementor-widget-divider{--divider-border-style:none;--divider-border-width:1px;--divider-color:#2c2c2c;--divider-icon-size:20px;--divider-element-spacing:10px;--divider-pattern-height:24px;--divider-pattern-size:20px;--divider-pattern-url:none;--divider-pattern-repeat:repeat-x}.elementor-widget-divider .elementor-divider{display:flex}.elementor-widget-divider .elementor-divider__text{font-size:15px;line-height:1;max-width:95%}.elementor-widget-divider .elementor-divider__element{margin:0 var(--divider-element-spacing);flex-shrink:0}.elementor-widget-divider .elementor-icon{font-size:var(--divider-icon-size)}.elementor-widget-divider .elementor-divider-separator{display:flex;margin:0;direction:ltr}.elementor-widget-divider--view-line_icon .elementor-divider-separator,.elementor-widget-divider--view-line_text .elementor-divider-separator{align-items:center}.elementor-widget-divider--view-line_icon .elementor-divider-separator:after,.elementor-widget-divider--view-line_icon .elementor-divider-separator:before,.elementor-widget-divider--view-line_text .elementor-divider-separator:after,.elementor-widget-divider--view-line_text .elementor-divider-separator:before{display:block;content:\"\";border-bottom:0;flex-grow:1;border-top:var(--divider-border-width) var(--divider-border-style) var(--divider-color)}.elementor-widget-divider--element-align-left .elementor-divider .elementor-divider-separator>.elementor-divider__svg:first-of-type{flex-grow:0;flex-shrink:100}.elementor-widget-divider--element-align-left .elementor-divider-separator:before{content:none}.elementor-widget-divider--element-align-left .elementor-divider__element{margin-left:0}.elementor-widget-divider--element-align-right .elementor-divider .elementor-divider-separator>.elementor-divider__svg:last-of-type{flex-grow:0;flex-shrink:100}.elementor-widget-divider--element-align-right .elementor-divider-separator:after{content:none}.elementor-widget-divider--element-align-right .elementor-divider__element{margin-right:0}.elementor-widget-divider:not(.elementor-widget-divider--view-line_text):not(.elementor-widget-divider--view-line_icon) .elementor-divider-separator{border-top:var(--divider-border-width) var(--divider-border-style) var(--divider-color)}.elementor-widget-divider--separator-type-pattern{--divider-border-style:none}.elementor-widget-divider--separator-type-pattern.elementor-widget-divider--view-line .elementor-divider-separator,.elementor-widget-divider--separator-type-pattern:not(.elementor-widget-divider--view-line) .elementor-divider-separator:after,.elementor-widget-divider--separator-type-pattern:not(.elementor-widget-divider--view-line) .elementor-divider-separator:before,.elementor-widget-divider--separator-type-pattern:not([class*=elementor-widget-divider--view]) .elementor-divider-separator{width:100%;min-height:var(--divider-pattern-height);-webkit-mask-size:var(--divider-pattern-size) 100%;mask-size:var(--divider-pattern-size) 100%;-webkit-mask-repeat:var(--divider-pattern-repeat);mask-repeat:var(--divider-pattern-repeat);background-color:var(--divider-color);-webkit-mask-image:var(--divider-pattern-url);mask-image:var(--divider-pattern-url)}.elementor-widget-divider--no-spacing{--divider-pattern-size:auto}.elementor-widget-divider--bg-round{--divider-pattern-repeat:round}.rtl .elementor-widget-divider .elementor-divider__text{direction:rtl}.e-con-inner>.elementor-widget-divider,.e-con>.elementor-widget-divider{width:var(--container-widget-width);--flex-grow:var(--container-widget-flex-grow)}<\/style>\nJe suis n\u00e9e en 1973, m\u00e8re de 2 grands enfants. <\/br>\nMon v\u00e9cu me pousse \u00e0 me concentrer sur la cible \u00e0 laquelle je fais partie :les Femmes de plus de 50 ans en phase de m\u00e9nopause. <\/br>\nJ&rsquo;ai une premi\u00e8re vie professionnelle en tant que cadre informatique dans le tertiaire. <\/br>\nMa seconde vie professionnelle je l&rsquo;ai choisie totalement par hasard, m\u00eame si je ne crois pas vraiment au hasard mais plut\u00f4t au biais de rencontres inspirantes!\nJe suis donc devenue Coach sportive en 2001 avec un Brevet d&rsquo;\u00e9tat M\u00e9tiers de la forme. \nJ&rsquo;ai depuis accentu\u00e9 ma pratique avec le PILATES.<\/br>\nEn 2019, je suis devenue conseill\u00e8re en nutrition gr\u00e2ce \u00e0 Laurence PLUMEY et en 2025 une formation de technicien PNL et psychonutrition compl\u00e8te mon parcours.<\/br> \nDu coaching individuel, en passant par les cours collectifs en associations, en entreprises, en structures m\u00e9dicales, j&rsquo;ai avanc\u00e9 pas \u00e0 pas. \n<\/br>\n<\/br>\nEn 2017, je cr\u00e9\u00e9e un espace de coworking du bien-\u00eatre, au Vaudreuil en co g\u00e9rance. <\/br>\n\nEn 2022, j&rsquo;op\u00e8re un tournant personnel dans ma vie.<\/br>\n<\/div>\n<\/div>\n\n\n\n<h3 class=\"wp-block-heading\">About<\/h3>\n\n\n\n<h2 class=\"wp-block-heading\">Quelques zooms sur mon parcours<\/h2>\n\n\n\n<figure class=\"wp-block-image size-full\"><img loading=\"lazy\" decoding=\"async\" width=\"1024\" height=\"768\" src=\"http:\/\/lmbewell.fr\/wp-content\/uploads\/2024\/11\/20200622-sommet-19.jpg\" alt=\"\" class=\"wp-image-792\" title=\"\" srcset=\"https:\/\/lmbewell.fr\/wp-content\/uploads\/2024\/11\/20200622-sommet-19.jpg 1024w, https:\/\/lmbewell.fr\/wp-content\/uploads\/2024\/11\/20200622-sommet-19-300x225.jpg 300w, https:\/\/lmbewell.fr\/wp-content\/uploads\/2024\/11\/20200622-sommet-19-768x576.jpg 768w\" sizes=\"auto, (max-width: 1024px) 100vw, 1024px\" \/><\/figure>\n\n\n\n<p>Je suis fi\u00e8re d&rsquo;avoir surmonter mes peurs pour atteindre le sommet du Mont-blanc! C&rsquo;\u00e9tait en Juin 2020. Il ne m&rsquo; a pas fallu qu&rsquo;un entra\u00eenement physique mais aussi apprendre \u00e0 CROIRE EN MOI, APPRENDRE que la peur n&rsquo;existe que \u00e0 travers son esprit et \u00e0 travailler gr\u00e2ce \u00e0 des PROJECTIONS ET VISUALISATIONS POSITIVES. <a role=\"button\" href=\"#\"><br>\t\t\t\t\t\tLearn More<br>\t\t\t\t\t<\/a><\/p>\n\n\n<style>\/*! elementor - v3.10.0 - 09-01-2023 *\/<br \/>\n.elementor-widget-image{text-align:center}.elementor-widget-image a{display:inline-block}.elementor-widget-image a img[src$=\".svg\"]{width:48px}.elementor-widget-image img{vertical-align:middle;display:inline-block}<\/style>\n\n\n<p><a role=\"button\" href=\"#\">\t\t\t<\/a><\/p>\n\n\n\n<div class=\"wp-block-media-text is-stacked-on-mobile\"><figure class=\"wp-block-media-text__media\"><img loading=\"lazy\" decoding=\"async\" width=\"724\" height=\"1024\" src=\"http:\/\/lmbewell.fr\/wp-content\/uploads\/2024\/11\/couverture-livre-724x1024.jpg\" alt=\"\" class=\"wp-image-793 size-full\" srcset=\"https:\/\/lmbewell.fr\/wp-content\/uploads\/2024\/11\/couverture-livre-724x1024.jpg 724w, https:\/\/lmbewell.fr\/wp-content\/uploads\/2024\/11\/couverture-livre-212x300.jpg 212w, https:\/\/lmbewell.fr\/wp-content\/uploads\/2024\/11\/couverture-livre-768x1086.jpg 768w, https:\/\/lmbewell.fr\/wp-content\/uploads\/2024\/11\/couverture-livre-1086x1536.jpg 1086w, https:\/\/lmbewell.fr\/wp-content\/uploads\/2024\/11\/couverture-livre-1448x2048.jpg 1448w, https:\/\/lmbewell.fr\/wp-content\/uploads\/2024\/11\/couverture-livre-scaled.jpg 1810w\" sizes=\"auto, (max-width: 724px) 100vw, 724px\" \/><\/figure><div class=\"wp-block-media-text__content\">\n<p>Je r\u00eavais d&rsquo;\u00e9crire, passionn\u00e9e de mots et de livres. J&rsquo;ai trouv\u00e9 l&rsquo;inspiration de ma vie et du travail que j&rsquo;ai fait depuis une quinzaine d&rsquo;ann\u00e9e pour devenir une personne qui s&rsquo;aime un peu plus \ud83d\ude09 ! J&rsquo;ai \u00e9crit mon 1er guide sorti fin 2021 ! <a role=\"button\" href=\"#\">\t\t\t<\/a><\/p>\n<\/div><\/div>\n\n\n\n<h3 class=\"wp-block-heading\">Explore<\/h3>\n\n\n\n<h2 class=\"wp-block-heading\">Toujours en recherche d&rsquo;exp\u00e9riences, <\/h2>\n\n\n\n<p>Sportives ou mentales, pour apprendre toujours plus des autres et de moi-m\u00eame ! <a role=\"button\" href=\"#\"><br><br><\/a><\/p>\n\n\n\n<h3 class=\"wp-block-heading\">F.A.Q<\/h3>\n\n\n\n<h2 class=\"wp-block-heading\">Frequently Asked Questions<\/h2>\n\n\n<style>\/*! elementor - v3.10.0 - 09-01-2023 *\/<br \/>\n.elementor-accordion{text-align:left}.elementor-accordion .elementor-accordion-item{border:1px solid #d4d4d4}.elementor-accordion .elementor-accordion-item+.elementor-accordion-item{border-top:none}.elementor-accordion .elementor-tab-title{margin:0;padding:15px 20px;font-weight:700;line-height:1;cursor:pointer;outline:none}.elementor-accordion .elementor-tab-title .elementor-accordion-icon{display:inline-block;width:1.5em}.elementor-accordion .elementor-tab-title .elementor-accordion-icon svg{width:1em;height:1em}.elementor-accordion .elementor-tab-title .elementor-accordion-icon.elementor-accordion-icon-right{float:right;text-align:right}.elementor-accordion .elementor-tab-title .elementor-accordion-icon.elementor-accordion-icon-left{float:left;text-align:left}.elementor-accordion .elementor-tab-title .elementor-accordion-icon .elementor-accordion-icon-closed{display:block}.elementor-accordion .elementor-tab-title .elementor-accordion-icon .elementor-accordion-icon-opened,.elementor-accordion .elementor-tab-title.elementor-active .elementor-accordion-icon-closed{display:none}.elementor-accordion .elementor-tab-title.elementor-active .elementor-accordion-icon-opened{display:block}.elementor-accordion .elementor-tab-content{display:none;padding:15px 20px;border-top:1px solid #d4d4d4}@media (max-width:767px){.elementor-accordion .elementor-tab-title{padding:12px 15px}.elementor-accordion .elementor-tab-title .elementor-accordion-icon{width:1.2em}.elementor-accordion .elementor-tab-content{padding:7px 15px}}.e-con-inner>.elementor-widget-accordion,.e-con>.elementor-widget-accordion{width:var(--container-widget-width);--flex-grow:var(--container-widget-flex-grow)}<\/style>\n\n\n<p><a href=\"\">des questions?<\/a><\/p>\n\n\n\n<p> <a role=\"button\" href=\"#\"><br>\t\t\t\t\t\tLearn More<br>\t\t\t\t\t<\/a><\/p>\n","protected":false},"excerpt":{"rendered":"<p>Laurence Malingre Depuis 2015, j&rsquo;exerce pour am\u00e9liorer votre sante physique et mentale par le PILATES et la nutriton Je suis n\u00e9e en 1973, m\u00e8re de 2 grands enfants. Mon v\u00e9cu me pousse \u00e0 me concentrer sur la cible \u00e0 laquelle je fais partie :les Femmes de plus de 50 ans en phase de m\u00e9nopause. J&rsquo;ai [&hellip;]<\/p>\n","protected":false},"author":1,"featured_media":770,"parent":0,"menu_order":0,"comment_status":"closed","ping_status":"closed","template":"template-parts\/template-page-builders.php","meta":{"footnotes":""},"class_list":["post-53","page","type-page","status-publish","has-post-thumbnail","hentry"],"_links":{"self":[{"href":"https:\/\/lmbewell.fr\/index.php\/wp-json\/wp\/v2\/pages\/53","targetHints":{"allow":["GET"]}}],"collection":[{"href":"https:\/\/lmbewell.fr\/index.php\/wp-json\/wp\/v2\/pages"}],"about":[{"href":"https:\/\/lmbewell.fr\/index.php\/wp-json\/wp\/v2\/types\/page"}],"author":[{"embeddable":true,"href":"https:\/\/lmbewell.fr\/index.php\/wp-json\/wp\/v2\/users\/1"}],"replies":[{"embeddable":true,"href":"https:\/\/lmbewell.fr\/index.php\/wp-json\/wp\/v2\/comments?post=53"}],"version-history":[{"count":9,"href":"https:\/\/lmbewell.fr\/index.php\/wp-json\/wp\/v2\/pages\/53\/revisions"}],"predecessor-version":[{"id":914,"href":"https:\/\/lmbewell.fr\/index.php\/wp-json\/wp\/v2\/pages\/53\/revisions\/914"}],"wp:featuredmedia":[{"embeddable":true,"href":"https:\/\/lmbewell.fr\/index.php\/wp-json\/wp\/v2\/media\/770"}],"wp:attachment":[{"href":"https:\/\/lmbewell.fr\/index.php\/wp-json\/wp\/v2\/media?parent=53"}],"curies":[{"name":"wp","href":"https:\/\/api.w.org\/{rel}","templated":true}]}}